emainder when 25093 is divided by 865.
8
Calculate the remainder when 1120849 is divided by 10.
9
Calculate the remainder when 71705 is divided by 14312.
145
Calculate the remainder when 1738 is divided by 87.
85
What is the remainder when 2064 is divided by 7?
6
Calculate the remainder when 10187 is divided by 1270.
27
What is the remainder when 6035 is divided by 465?
455
What is the remainder when 25843 is divided by 1615?
3
Calculate the remainder when 215140 is divided by 857.
33
Calculate the remainder when 2695 is divided by 236.
99
Calculate the remainder when 1771 is divided by 1738.
33
Calculate the remainder when 1447939 is divided by 957.
955
Calculate the remainder when 1757 is divided by 122.
49
What is the remainder when 10388 is divided by 102?
86
What is the remainder when 4088 is divided by 389?
198
What is the remainder when 43353 is divided by 14447?
12
Calculate the remainder when 43093 is divided by 426.
67
Calculate the remainder when 98505 is divided by 49233.
39
Calculate the remainder when 9483 is divided by 4718.
47
What is the remainder when 50406 is divided by 1625?
31
Calculate the remainder when 3401 is divided by 378.
377
Calculate the remainder when 2008 is divided by 810.
388
Calculate the remainder when 33291 is divided by 93.
90
What is the remainder when 6067 is divided by 196?
187
What is the remainder when 3461 is divided by 1114?
119
What is the remainder when 885 is divided by 313?
259
What is the remainder when 14041 is divided by 484?
5
What is the remainder when 4998 is divided by 35?
28
Calculate the remainder when 195515 is divided by 47.
42
What is the remainder when 30445 is divided by 564?
553
What is the remainder when 907567 is divided by 131?
130
Calculate the remainder when 3692 is divided by 9.
2
Calculate the remainder when 24196 is divided by 50.
46
What is the remainder when 1454 is divided by 3?
2
What is the remainder when 61579 is divided by 5597?
12
Calculate the remainder when 421667 is divided by 53.
52
What is the remainder when 4142 is divided by 1779?
584
Calculate the remainder when 2879758 is divided by 60.
58
What is the remainder when 14800 is divided by 1305?
445
Calculate the remainder when 33208 is divided by 503.
10
Calculate the remainder when 420132 is divided by 1616.
1588
What is the remainder when 35186 is divided by 375?
311
Calculate the remainder when 6603 is divided by 135.
123
Calculate the remainder when 87715 is divided by 57.
49
Calculate the remainder when 284123 is divided by 56823.
8
What is the remainder when 40785 is divided by 2267?
2246
What is the remainder when 8866 is divided by 45?
1
What is the remainder when 69157 is divided by 13816?
77
What is the remainder when 3745 is divided by 925?
45
Calculate the remainder when 91 is divided by 16.
11
Calculate the remainder when 308101 is divided by 19.
16
What is the remainder when 16568 is divided by 21?
20
Calculate the remainder when 154183 is divided by 19.
17
Calculate the remainder when 3813 is divided by 752.
53
Calculate the remainder when 2368 is divided by 477.
460
What is the remainder when 3034114 is divided by 18?
16
Calculate the remainder when 4651 is divided by 521.
483
What is the remainder when 827 is divided by 129?
53
What is the remainder when 3763 is divided by 1871?
21
Calculate the remainder when 29150 is divided by 9511.
617
What is the remainder when 742 is divided by 384?
358
What is the remainder when 7149 is divided by 2368?
45
What is the remainder when 4407 is divided by 147?
144
Calculate the remainder when 6024 is divided by 323.
210
What is the remainder when 461264 is divided by 503?
13
What is the remainder when 6425 is divided by 200?
25
Calculate the remainder when 12999 is divided by 17.
11
What is the remainder when 55486 is divided by 2410?
56
Calculate the remainder when 1286179 is divided by 930.
919
What is the remainder when 1477039 is divided by 499?
498
What is the remainder when 91584 is divided by 45788?
8
What is the remainder when 365775 is divided by 63?
60
What is the remainder when 1540 is divided by 762?
16
Calculate the remainder when 349 is divided by 153.
43
What is the remainder when 361 is divided by 157?
47
Calculate the remainder when 576356 is divided by 805.
781
Calculate the remainder when 38130 is divided by 1296.
546
Calculate the remainder when 205815 is divided by 19.
7
Calculate the remainder when 2231 is divided by 159.
5
Calculate the remainder when 1009 is divided by 12.
1
What is the remainder when 18503 is divided by 237?
17
What is the remainder when 32186 is divided by 393?
353
Calculate the remainder when 139917 is divided by 20.
17
What is the remainder when 27615 is divided by 111?
87
What is the remainder when 116661 is divided by 26?
25
Calculate the remainder when 44334 is divided by 2015.
4
Calculate the remainder when 34259 is divided by 16935.
389
Calculate the remainder when 96864 is divided by 325.
14
What is the remainder when 1158454 is divided by 94?
92
What is the remainder when 3468 is divided by 109?
89
What is the remainder when 18236 is divided by 16?
12
What is the remainder when 4615 is divided by 1531?
22
Calculate the remainder when 58295 is divided by 29005.
285
Calculate the remainder when 11852 is divided by 119.
71
Calculate the remainder when 12568 is divided by 39.
10
Calculate the remainder when 3274 is divided by 47.
31
What is the remainder when 5666 is divided by 516?
506
What is the remainder when 2877 is divided by 385?
182
Calculate the remainder when 2996309 is divided by 44.
41
What is the remainder when 20041 is divided by 6282?
1195
What is the remainder when 89375 is divided by 266?
265
What is the remainder when 40846 is divided by 8162?
36
What is the remainder when 3899 is divided by 24?
11
What is the remainder when 85 is divided by 9?
4
Calculate the remainder when 29741 is divided by 23.
2
Calculate the remainder when 3505 is divided by 546.
229
Calculate the remainder when 5757 is divided by 198.
15
What is the remainder when 5565 is divided by 206?
3
Calculate the remainder when 10390 is divided by 377.
211
Calculate the remainder when 8270 is divided by 1706.
1446
Calculate the remainder when 335 is divided by 22.
5
What is the remainder when 26734 is divided by 1403?
77
What is the remainder when 45616 is divided by 70?
46
Calculate the remainder when 3840 is divided by 8.
0
What is the remainder when 38026 is divided by 38022?
4
Calculate the remainder when 169003 is divided by 13.
3
Calculate the remainder when 3962 is divided by 62.
56
Calculate the remainder when 57217 is divided by 7.
6
What is the remainder when 7214 is divided by 268?
246
Calculate the remainder when 15021 is divided by 2606.
1991
What is the remainder when 332309 is divided by 15?
14
What is the remainder when 21099 is divided by 7013?
60
What is the remainder when 200923 is divided by 1264?
1211
What is the remainder when 2574 is divided by 444?
354
Calculate the remainder when 97374 is divided by 8846.
68
What is the remainder when 33039 is divided by 646?
93
What is the remainder when 171954 is divided by 297?
288
Calculate the remainder when 6930 is divided by 1127.
168
Calculate the remainder when 711 is divided by 394.
317
Calculate the remainder when 4798 is divided by 44.
2
What is the remainder when 8617 is divided by 1230?
7
Calculate the remainder when 1244694 is divided by 1531.
1522
What is the remainder when 129453 is divided by 1392?
1389
What is the remainder when 6640 is divided by 91?
88
Calculate the remainder when 21143 is divided by 68.
63
What is the remainder when 29914 is divided by 935?
929
What is the remainder when 2007 is divided by 11?
5
Calculate the remainder when 41544 is divided by 10385.
4
What is the remainder when 401455 is divided by 401442?
13
What is the remainder when 1802791 is divided by 165?
1
Calculate the remainder when 9528 is divided by 35.
8
What is the remainder when 1245 is divided by 11?
2
What is the remainder when 13670 is divided by 854?
6
Calculate the remainder when 30071 is divided by 6011.
16
What is the remainder when 360138 is divided by 27?
12
What is the remainder when 179398 is divided by 59770?
88
Calculate the remainder when 48239 is